ds digit of 1841?
1
What is the ten thousands digit of 20502?
2
What is the units digit of 1142?
2
What is the tens digit of 1878?
7
What is the thousands digit of 1984?
1
What is the hundreds digit of 11394?
3
What is the units digit of 3823?
3
What is the hundreds digit of 1389?
3
What is the units digit of 2228?
8
What is the hundreds digit of 23765?
7
What is the tens digit of 1520?
2
What is the tens digit of 1159?
5
What is the hundreds digit of 4742?
7
What is the units digit of 4297?
7
What is the tens digit of 85?
8
What is the hundreds digit of 20844?
8
What is the thousands digit of 19168?
9
What is the hundreds digit of 3270?
2
What is the tens digit of 19668?
6
What is the hundreds digit of 5244?
2
What is the tens digit of 1035?
3
What is the tens digit of 150?
5
What is the hundreds digit of 9012?
0
What is the thousands digit of 26156?
6
What is the units digit of 15027?
7
What is the ten thousands digit of 12146?
1
What is the tens digit of 16993?
9
What is the units digit of 2832?
2
What is the units digit of 4017?
7
What is the thousands digit of 22426?
2
What is the units digit of 11034?
4
What is the hundreds digit of 1116?
1
What is the units digit of 28301?
1
What is the hundreds digit of 27882?
8
What is the units digit of 629?
9
What is the tens digit of 714?
1
What is the hundreds digit of 239?
2
What is the hundreds digit of 2704?
7
What is the hundreds digit of 8656?
6
What is the hundreds digit of 2442?
4
What is the tens digit of 1268?
6
What is the hundreds digit of 1645?
6
What is the hundreds digit of 20448?
4
What is the hundreds digit of 1002?
0
What is the thousands digit of 2208?
2
What is the hundreds digit of 15159?
1
What is the thousands digit of 33110?
3
What is the thousands digit of 1328?
1
What is the thousands digit of 84900?
4
What is the tens digit of 345?
4
What is the hundreds digit of 234?
2
What is the units digit of 8737?
7
What is the tens digit of 49503?
0
What is the tens digit of 1148?
4
What is the tens digit of 18172?
7
What is the hundreds digit of 2689?
6
What is the thousands digit of 1731?
1
What is the tens digit of 623?
2
What is the thousands digit of 3290?
3
What is the thousands digit of 9339?
9
What is the tens digit of 4087?
8
What is the thousands digit of 8741?
8
What is the ten thousands digit of 60076?
6
What is the hundred thousands digit of 108747?
1
What is the ten thousands digit of 11703?
1
What is the thousands digit of 5012?
5
What is the hundreds digit of 7493?
4
What is the hundreds digit of 654?
6
What is the thousands digit of 1032?
1
What is the hundreds digit of 13829?
8
What is the hundreds digit of 291?
2
What is the tens digit of 14872?
7
What is the ten thousands digit of 20425?
2
What is the units digit of 44634?
4
What is the thousands digit of 7061?
7
What is the units digit of 5041?
1
What is the thousands digit of 10484?
0
What is the units digit of 567?
7
What is the thousands digit of 8643?
8
What is the units digit of 527?
7
What is the tens digit of 12901?
0
What is the hundreds digit of 3153?
1
What is the tens digit of 2175?
7
What is the hundreds digit of 511?
5
What is the thousands digit of 5393?
5
What is the tens digit of 516?
1
What is the tens digit of 48319?
1
What is the hundreds digit of 1774?
7
What is the units digit of 1097?
7
What is the hundreds digit of 1494?
4
What is the hundreds digit of 35978?
9
What is the units digit of 699?
9
What is the units digit of 2859?
9
What is the hundreds digit of 977?
9
What is the thousands digit of 51048?
1
What is the hundreds digit of 345?
3
What is the hundreds digit of 4294?
2
What is the units digit of 7244?
4
What is the tens digit of 5753?
5
What is the tens digit of 9635?
3
What is the hundreds digit of 720?
7
What is the tens digit of 2136?
3
What is the units digit of 12961?
1
What is the hundreds digit of 28124?
1
What is the tens digit of 777?
7
What is the hundreds digit of 501?
5
What is the units digit of 9905?
5
What is the hundreds digit of 1655?
6
What is the ten thousands digit of 36619?
3
What is the hundreds digit of 7321?
3
What is the tens digit of 90536?
3
What is the units digit of 963?
3
What is the tens digit of 27447?
4
What is the units digit of 1895?
5
What is the units digit of 1312?
2
What is the hundreds digit of 4491?
4
What is the hundreds digit of 942?
9
What is the tens digit of 25567?
6
What is the thousands digit of 16310?
6
What is the hundreds digit of 504?
5
What is the thousands digit of 24263?
4
What is the units digit of 1253?
3
What is the thousands digit of 23399?
3
What is the tens digit of 2122?
2
What is the tens digit of 504?
0
What is the hundreds digit of 546?
5
What is the units digit of 59113?
3
What is the tens digit of 860?
6
What is the units digit of 2474?
4
What is the tens digit of 55464?
6
What is the units digit of 5?
5
What is the tens digit of 4500?
0
What is the thousands digit of 3290?
3
What is the units digit of 652?
2
What is the tens digit of 3802?
0
What is the ten thousands digit of 17197?
1
What is the units digit of 215?
5
What is the ten thousands digit of 24448?
2
What is the hundreds digit of 18701?
7
What is the hundreds digit of 18744?
7
What is the tens digit of 1112?
1
What is the tens digit of 1266?
6
What is the tens digit of 100795?
9
What is the tens digit of 4243?
4
What is the tens digit of 92167?
6
What is the thousands digit of 16396?
6
What is the thousands digit of 13448?
3
What is the thousands digit of 1349?
1
What is the hundreds digit of 1746?
7
What is the tens digit of 7405?
0
What is the units digit of 416?
6
What is the hundreds digit of 87511?
5
What is the units digit of 787?
7
What is the units digit of 69613?
3
What is the units digit of 89295?
5
What is the units digit of 71995?
5
What is the hundreds digit of 771?
7
What is the hundreds digit of 122?
1
What is the units digit of 7637?
7
What is the units digit of 131949?
9
What is the hundreds digit of 2760?
7
What is the thousands digit of 1561?
1
What is the tens digit of 15426?
2
What is the units digit of 872?
2
What is the tens digit of 6480?
8
What is the hundreds digit of 6453?
4
What is the units digit of 25489?
9
What is the hundreds digit of 6980?
9
What is the units digit of 5001?
1
What is the thousands digit of 6983?
6
What is the thousands digit of 62899?
2
What is the ten thousands digit of 17448?
1
What is the hundreds digit of 3986?
9
What is the tens digit of 53121?
2
What is the thousands digit of 21494?
1
What is the units digit of 162?
2
What is the units digit of 2934?
4
What is the thousands digit of 1549?
1
What is the tens digit of 4418?
1
What is the thousands digit of 44394?
4
What is the thousands digit of 2855?
2
What is the tens digit of 7454?
5
What is the tens digit of 1361?
6
What is the units digit of 40466?
6
What is the units digit of 563?
3
What is the ten thousands digit of 23370?
2
What is the hundreds digit of 13551?
5
What is the hundreds digit of 54080?
0
What is the hundreds digit of 36888?
8
What is the units digit of 234?
4
What is the hundreds digit of 4193?
1
What is the units digit of 23138?
8
What is the thousands digit of 88162?
8
What is the tens digit of 2355?
5
What is the units digit of 36065?
5
What is the thousands digit of 25062?
5
What is the thousands digit of 2433?
2
What is the units digit of 2421?
1
What is the ten thousands digit of 96869?
9
What is the hundreds digit of 14862?
8
What is the tens digit of 484?
8
What is the hundreds digit of 183?
1
What is the thousands digit of 7906?
7
What is the ten thousands digit of 50578?
5
What is the thousands digit of 121765?
1
What is the tens digit of 142037?
3
What is the units digit of 35686?
6
What is the ten thousands digit of 118950?
1
What is the tens digit of 20212?
1
What is the tens digit of 1310?
1
What is the tens digit of 425?
2
What is the thousands digit of 4853?
4
What is the hundreds digit of 17265?
2
What is the hundreds digit of 4625?
6
What is the units digit of 26?
6
What is the units digit of 6736?
6
What is the tens digit of 5034?
3
What is the ten thousands digit of 41915?
4
What is the hundreds digit of 1133?
1
What is the hundreds digit of 2834?
8
What is the thousands digit of 1233?
1
What is the thous